{"id":1645,"date":"2016-07-26T11:02:40","date_gmt":"2016-07-26T09:02:40","guid":{"rendered":"http:\/\/ck.gminakolno.pl\/?page_id=1645"},"modified":"2020-06-09T23:39:00","modified_gmt":"2020-06-09T21:39:00","slug":"kgw-w-borkowie","status":"publish","type":"page","link":"http:\/\/ck.gminakolno.pl\/?page_id=1645","title":{"rendered":"KGW w Borkowie"},"content":{"rendered":"<figure id=\"attachment_1646\" aria-describedby=\"caption-attachment-1646\" style=\"width: 2239px\" class=\"wp-caption aligncenter\"><a href=\"http:\/\/ck.gminakolno.pl\/?attachment_id=1646\" rel=\"attachment wp-att-1646\"><img data-recalc-dims=\"1\" loading=\"lazy\" decoding=\"async\" data-attachment-id=\"1646\" data-permalink=\"http:\/\/ck.gminakolno.pl\/?attachment_id=1646\" data-orig-file=\"https:\/\/i0.wp.com\/ck.gminakolno.pl\/wp-content\/uploads\/2016\/07\/borkowokolo.jpg?fit=2239%2C1228\" data-orig-size=\"2239,1228\" data-comments-opened=\"0\" data-image-meta=\"{&quot;aperture&quot;:&quot;0&quot;,&quot;credit&quot;:&quot;&quot;,&quot;camera&quot;:&quot;&quot;,&quot;caption&quot;:&quot;&quot;,&quot;created_timestamp&quot;:&quot;0&quot;,&quot;copyright&quot;:&quot;&quot;,&quot;focal_length&quot;:&quot;0&quot;,&quot;iso&quot;:&quot;0&quot;,&quot;shutter_speed&quot;:&quot;0&quot;,&quot;title&quot;:&quot;&quot;,&quot;orientation&quot;:&quot;0&quot;}\" data-image-title=\"borkowokolo\" data-image-description=\"\" data-image-caption=\"\" data-medium-file=\"https:\/\/i0.wp.com\/ck.gminakolno.pl\/wp-content\/uploads\/2016\/07\/borkowokolo.jpg?fit=300%2C165\" data-large-file=\"https:\/\/i0.wp.com\/ck.gminakolno.pl\/wp-content\/uploads\/2016\/07\/borkowokolo.jpg?fit=814%2C447\" class=\"wp-image-1646 size-full\" src=\"https:\/\/i0.wp.com\/ck.gminakolno.pl\/wp-content\/uploads\/2016\/07\/borkowokolo.jpg?resize=814%2C446\" alt=\"borkowokolo\" width=\"814\" height=\"446\" srcset=\"https:\/\/i0.wp.com\/ck.gminakolno.pl\/wp-content\/uploads\/2016\/07\/borkowokolo.jpg?w=2239 2239w, https:\/\/i0.wp.com\/ck.gminakolno.pl\/wp-content\/uploads\/2016\/07\/borkowokolo.jpg?resize=300%2C165 300w, https:\/\/i0.wp.com\/ck.gminakolno.pl\/wp-content\/uploads\/2016\/07\/borkowokolo.jpg?resize=768%2C421 768w, https:\/\/i0.wp.com\/ck.gminakolno.pl\/wp-content\/uploads\/2016\/07\/borkowokolo.jpg?resize=1024%2C562 1024w, https:\/\/i0.wp.com\/ck.gminakolno.pl\/wp-content\/uploads\/2016\/07\/borkowokolo.jpg?resize=820%2C450 820w, https:\/\/i0.wp.com\/ck.gminakolno.pl\/wp-content\/uploads\/2016\/07\/borkowokolo.jpg?w=1628 1628w\" sizes=\"auto, (max-width: 814px) 100vw, 814px\" \/><\/a><figcaption id=\"caption-attachment-1646\" class=\"wp-caption-text\">Ko\u0142o Gospody\u0144 Wiejskich z Borkowa<\/figcaption><\/figure>\n<p><em><strong>5 kwietnia br. podczas konferencji z okazji obchod\u00f3w 150 lecia K\u00f3\u0142 Gospody\u0144 Wiejskich w \u0141om\u017cy wyst\u0105pi\u0105 Panie z Ko\u0142a Gospody\u0144 Wiejskich w Borkowie. To doskona\u0142a okazja, by przedstawi\u0107 naszym Czytelnikom ten wspania\u0142y zesp\u00f3\u0142.<\/strong><\/em><br \/>\nKobiet o wiek pyta\u0107 nie wypada, ale mo\u017cemy zdradzi\u0107 fakt, \u017ce wsp\u00f3lnie panie z Ko\u0142a w Borkowie dzia\u0142aj\u0105 ju\u017c od pi\u0119ciu lat. Obecnie Ko\u0142o liczy 24 cz\u0142onkinie, przy czym ciekawostk\u0105 jest, \u017ce do borkowskiego ko\u0142a zapisa\u0142y si\u0119 nawet dwie Panie z Koz\u0142a.<br \/>\n&#8211; <em>Pierwsze dzia\u0142ania naszego Ko\u0142a koncentrowa\u0142y si\u0119 przede wszystkim wok\u00f3\u0142 spotka\u0144 w bibliotece i na rozmowach o minionych czasach czy problemach wsi<\/em> &#8211; wspomina <strong>Anna Cudnik<\/strong>, przewodnicz\u0105c\u0105 Ko\u0142a Gospody\u0144 Wiejskich w Borkowie. &#8211;<em> Wa\u017cne miejsce w pracy Ko\u0142a zajmuje te\u017c przygotowywanie i udzia\u0142 w do\u017cynkach czy innych lokalnych uroczysto\u015bciach jak Dzie\u0144 Seniora, Dzie\u0144 Dziecka, Dzie\u0144 Kobiet czy Noc \u015awi\u0119toja\u0144ska.<\/em><br \/>\nPani Anna Cudnik funkcj\u0119 przewodnicz\u0105cej KGW w Borkowie pe\u0142 ni od pocz\u0105tku. Jej zast\u0119pczyni\u0105 jet pani <strong>Ma\u0142gorzata Skrodzka<\/strong>, sekretarzem pani <strong>Ma\u0142gorzata Wielbut<\/strong>, skarbnikiem pani <strong>Jolanta Kordal<\/strong>, a cz\u0142onkiniami komisji rewizyjnej panie: <strong>Hanna Filipkowska, Bo\u017cena Wieczorek<\/strong> i<strong> Barbara Sielawa<\/strong>. W tej grupie funkcje jednak nie s\u0105 najwa\u017cniejsze, sukcesem jest to, \u017ce Panie potrafi\u0105 wsp\u00f3\u0142pracowa\u0107 i \u015bwietnie si\u0119 dogaduj\u0105, i to nie tylko mi\u0119dzy sob\u0105, ale te\u017c z innymi.<br \/>\n&#8211; <em>Przewodnicz\u0105c\u0105 jestem ja, ale ci\u0119\u017car efektywnej pracy spoczywa na wszystkich paniach<\/em> &#8211; przyznaje Anna Cudnik. &#8211; <em>Nasze Ko\u0142o nie by\u0142oby te\u017c tak pr\u0119\u017cn\u0105 organizacj\u0105, gdyby nie wsparcie naszych przyjaci\u00f3\u0142 i sponsor\u00f3w<\/em>.<br \/>\nKa\u017cda z Pa\u0144 jest wyj\u0105tkowa, ma jaki\u015b talent, co potwierdza publikowany obok wiersz autorstwa jednej z cz\u0142onki\u0144 ko\u0142a. Naprawd\u0119 \u015bwietnie gotuj\u0105, wi\u0119c nic dziwnego, \u017ce zdobywaj\u0105 nagrody w konkursach kulinarnych. Zorganizowa\u0142y Dzie\u0144 Sibrzaka, by promowa\u0107 jedn\u0105 z najbardziej znanych borkowskich potraw. Dzi\u0119ki ich zaanga\u017cowaniu Borkowo w 2014 r. zdoby\u0142o pierwsze miejsce w konkursie \u201ePi\u0119kna i estetyczna podlaska wie\u015b\u201d. Sukces uda\u0142o si\u0119 osi\u0105gn\u0105\u0107 dzi\u0119ki wsp\u00f3\u0142pracy ze wszystkimi mieszka\u0144cami Borkowa. Panie nie tylko gotuj\u0105, czy organizuj\u0105 uroczysto\u015bci, ale te\u017c ch\u0119tnie uczestnicz\u0105 w kursach, warsztatach doszkalaj\u0105cych, czy wycieczkach. Rok temu cz\u0119\u015b\u0107 z pa\u0144 odkry\u0142a now\u0105 pasj\u0119 i z sukcesami wyst\u0119puj\u0105 na scenie prezentuj\u0105c talent aktorski m.in. w scenkach kabaretowych, co udowodni\u0105 w trakcie uroczysto\u015bci z okazji obchod\u00f3w 150 lecia KGW w \u0141om\u017cy. Gratulujemy i \u017cyczymy powodzenia!<\/p>\n<p style=\"text-align: left;\"><em>Dzi\u015b opowiem o dziewczynach,<\/em><br \/>\n<em> kt\u00f3re graj\u0105 tak jak w kinie:<\/em><br \/>\n<em> Ania z Hani\u0105 z tego s\u0142yn\u0105,<\/em><br \/>\n<em> sma\u017c\u0105 sibry ze s\u0142onin\u0105,<\/em><br \/>\n<em> Danka p\u0105czki pyszne piecze,<\/em><br \/>\n<em> a Iwona szyszki gniecie,<\/em><br \/>\n<em> Jola i Edysia ka\u0142duny szykuj\u0105,<\/em><br \/>\n<em> wszystkim one najlepiej smakuj\u0105,<\/em><br \/>\n<em> Nasza Gosia go\u0142\u0105bki gotuje,<\/em><br \/>\n<em> a Jasie\u0144ka kurczaki faszeruje,<\/em><br \/>\n<em> Tereska, Gosia, Jasia, czy Basia<\/em><br \/>\n<em> ka\u017cda co\u015b przygotuje,<\/em><br \/>\n<em> bo w naszej kuchni wszystkim smakuje,<\/em><br \/>\n<em> Nasi m\u0119\u017cowie te\u017c nas wspieraj\u0105,<\/em><br \/>\n<em> w trudnych sytuacjach nam pomagaj\u0105,<\/em><br \/>\n<em> Mamy czasem du\u017co roboty,<\/em><br \/>\n<em> lecz to nie zmniejsza naszej ochoty,<\/em><br \/>\n<em> Drodzy go\u015bcie, panowie, panie<\/em><br \/>\n<em> na nasze aktorskie zapraszamy granie!<\/em><br \/>\n<em><strong>autorka: Barbara Patalan<\/strong><\/em><\/p>\n<p style=\"text-align: right;\"><em>aleksandra szyc &#8211; kaczy\u0144ska<\/em><\/p>\n","protected":false},"excerpt":{"rendered":"<p>5 kwietnia br. podczas konferencji z okazji obchod\u00f3w 150 lecia K\u00f3\u0142 Gospody\u0144 Wiejskich w \u0141om\u017cy wyst\u0105pi\u0105 Panie z Ko\u0142a Gospody\u0144 Wiejskich w Borkowie. To doskona\u0142a okazja, by przedstawi\u0107 naszym Czytelnikom ten wspania\u0142y zesp\u00f3\u0142. Kobiet o &hellip; <\/p>\n","protected":false},"author":2,"featured_media":0,"parent":3317,"menu_order":0,"comment_status":"closed","ping_status":"closed","template":"","meta":{"jetpack_post_was_ever_published":false,"footnotes":""},"class_list":["post-1645","page","type-page","status-publish","hentry"],"jetpack_sharing_enabled":true,"jetpack_shortlink":"https:\/\/wp.me\/P3l35P-qx","jetpack-related-posts":[],"_links":{"self":[{"href":"http:\/\/ck.gminakolno.pl\/index.php?rest_route=\/wp\/v2\/pages\/1645","targetHints":{"allow":["GET"]}}],"collection":[{"href":"http:\/\/ck.gminakolno.pl\/index.php?rest_route=\/wp\/v2\/pages"}],"about":[{"href":"http:\/\/ck.gminakolno.pl\/index.php?rest_route=\/wp\/v2\/types\/page"}],"author":[{"embeddable":true,"href":"http:\/\/ck.gminakolno.pl\/index.php?rest_route=\/wp\/v2\/users\/2"}],"replies":[{"embeddable":true,"href":"http:\/\/ck.gminakolno.pl\/index.php?rest_route=%2Fwp%2Fv2%2Fcomments&post=1645"}],"version-history":[{"count":3,"href":"http:\/\/ck.gminakolno.pl\/index.php?rest_route=\/wp\/v2\/pages\/1645\/revisions"}],"predecessor-version":[{"id":1684,"href":"http:\/\/ck.gminakolno.pl\/index.php?rest_route=\/wp\/v2\/pages\/1645\/revisions\/1684"}],"up":[{"embeddable":true,"href":"http:\/\/ck.gminakolno.pl\/index.php?rest_route=\/wp\/v2\/pages\/3317"}],"wp:attachment":[{"href":"http:\/\/ck.gminakolno.pl\/index.php?rest_route=%2Fwp%2Fv2%2Fmedia&parent=1645"}],"curies":[{"name":"wp","href":"https:\/\/api.w.org\/{rel}","templated":true}]}}

<figure id="attachment_1646" aria-describedby="caption-attachment-1646" style="width: 2239px" class="wp-caption aligncenter"><a href="http://ck.gminakolno.pl/?attachment_id=1646" rel="attachment wp-att-1646"><img data-recalc-dims="1" loading="lazy" decoding="async" data-attachment-id="1646" data-permalink="http://ck.gminakolno.pl/?attachment_id=1646" data-orig-file="https://i0.wp.com/ck.gminakolno.pl/wp-content/uploads/2016/07/borkowokolo.jpg?fit=2239%2C1228" data-orig-size="2239,1228" data-comments-opened="0" data-image-meta="{&quot;aperture&quot;:&quot;0&quot;,&quot;credit&quot;:&quot;&quot;,&quot;camera&quot;:&quot;&quot;,&quot;caption&quot;:&quot;&quot;,&quot;created_timestamp&quot;:&quot;0&quot;,&quot;copyright&quot;:&quot;&quot;,&quot;focal_length&quot;:&quot;0&quot;,&quot;iso&quot;:&quot;0&quot;,&quot;shutter_speed&quot;:&quot;0&quot;,&quot;title&quot;:&quot;&quot;,&quot;orientation&quot;:&quot;0&quot;}" data-image-title="borkowokolo" data-image-description="" data-image-caption="" data-medium-file="https://i0.wp.com/ck.gminakolno.pl/wp-content/uploads/2016/07/borkowokolo.jpg?fit=300%2C165" data-large-file="https://i0.wp.com/ck.gminakolno.pl/wp-content/uploads/2016/07/borkowokolo.jpg?fit=814%2C447" class="wp-image-1646 size-full" src="https://i0.wp.com/ck.gminakolno.pl/wp-content/uploads/2016/07/borkowokolo.jpg?resize=814%2C446" alt="borkowokolo" width="814" height="446" srcset="https://i0.wp.com/ck.gminakolno.pl/wp-content/uploads/2016/07/borkowokolo.jpg?w=2239 2239w, https://i0.wp.com/ck.gminakolno.pl/wp-content/uploads/2016/07/borkowokolo.jpg?resize=300%2C165 300w, https://i0.wp.com/ck.gminakolno.pl/wp-content/uploads/2016/07/borkowokolo.jpg?resize=768%2C421 768w, https://i0.wp.com/ck.gminakolno.pl/wp-content/uploads/2016/07/borkowokolo.jpg?resize=1024%2C562 1024w, https://i0.wp.com/ck.gminakolno.pl/wp-content/uploads/2016/07/borkowokolo.jpg?resize=820%2C450 820w, https://i0.wp.com/ck.gminakolno.pl/wp-content/uploads/2016/07/borkowokolo.jpg?w=1628 1628w" sizes="auto, (max-width: 814px) 100vw, 814px" /></a><figcaption id="caption-attachment-1646" class="wp-caption-text">Koło Gospodyń Wiejskich z Borkowa</figcaption></figure>
<p><em><strong>5 kwietnia br. podczas konferencji z okazji obchodów 150 lecia Kół Gospodyń Wiejskich w Łomży wystąpią Panie z Koła Gospodyń Wiejskich w Borkowie. To doskonała okazja, by przedstawić naszym Czytelnikom ten wspaniały zespół.</strong></em><br />
Kobiet o wiek pytać nie wypada, ale możemy zdradzić fakt, że wspólnie panie z Koła w Borkowie działają już od pięciu lat. Obecnie Koło liczy 24 członkinie, przy czym ciekawostką jest, że do borkowskiego koła zapisały się nawet dwie Panie z Kozła.<br />
&#8211; <em>Pierwsze działania naszego Koła koncentrowały się przede wszystkim wokół spotkań w bibliotece i na rozmowach o minionych czasach czy problemach wsi</em> &#8211; wspomina <strong>Anna Cudnik</strong>, przewodniczącą Koła Gospodyń Wiejskich w Borkowie. &#8211;<em> Ważne miejsce w pracy Koła zajmuje też przygotowywanie i udział w dożynkach czy innych lokalnych uroczystościach jak Dzień Seniora, Dzień Dziecka, Dzień Kobiet czy Noc Świętojańska.</em><br />
Pani Anna Cudnik funkcję przewodniczącej KGW w Borkowie peł ni od początku. Jej zastępczynią jet pani <strong>Małgorzata Skrodzka</strong>, sekretarzem pani <strong>Małgorzata Wielbut</strong>, skarbnikiem pani <strong>Jolanta Kordal</strong>, a członkiniami komisji rewizyjnej panie: <strong>Hanna Filipkowska, Bożena Wieczorek</strong> i<strong> Barbara Sielawa</strong>. W tej grupie funkcje jednak nie są najważniejsze, sukcesem jest to, że Panie potrafią współpracować i świetnie się dogadują, i to nie tylko między sobą, ale też z innymi.<br />
&#8211; <em>Przewodniczącą jestem ja, ale ciężar efektywnej pracy spoczywa na wszystkich paniach</em> &#8211; przyznaje Anna Cudnik. &#8211; <em>Nasze Koło nie byłoby też tak prężną organizacją, gdyby nie wsparcie naszych przyjaciół i sponsorów</em>.<br />
Każda z Pań jest wyjątkowa, ma jakiś talent, co potwierdza publikowany obok wiersz autorstwa jednej z członkiń koła. Naprawdę świetnie gotują, więc nic dziwnego, że zdobywają nagrody w konkursach kulinarnych. Zorganizowały Dzień Sibrzaka, by promować jedną z najbardziej znanych borkowskich potraw. Dzięki ich zaangażowaniu Borkowo w 2014 r. zdobyło pierwsze miejsce w konkursie „Piękna i estetyczna podlaska wieś”. Sukces udało się osiągnąć dzięki współpracy ze wszystkimi mieszkańcami Borkowa. Panie nie tylko gotują, czy organizują uroczystości, ale też chętnie uczestniczą w kursach, warsztatach doszkalających, czy wycieczkach. Rok temu część z pań odkryła nową pasję i z sukcesami występują na scenie prezentując talent aktorski m.in. w scenkach kabaretowych, co udowodnią w trakcie uroczystości z okazji obchodów 150 lecia KGW w Łomży. Gratulujemy i życzymy powodzenia!</p>
<p style="text-align: left;"><em>Dziś opowiem o dziewczynach,</em><br />
<em> które grają tak jak w kinie:</em><br />
<em> Ania z Hanią z tego słyną,</em><br />
<em> smażą sibry ze słoniną,</em><br />
<em> Danka pączki pyszne piecze,</em><br />
<em> a Iwona szyszki gniecie,</em><br />
<em> Jola i Edysia kałduny szykują,</em><br />
<em> wszystkim one najlepiej smakują,</em><br />
<em> Nasza Gosia gołąbki gotuje,</em><br />
<em> a Jasieńka kurczaki faszeruje,</em><br />
<em> Tereska, Gosia, Jasia, czy Basia</em><br />
<em> każda coś przygotuje,</em><br />
<em> bo w naszej kuchni wszystkim smakuje,</em><br />
<em> Nasi mężowie też nas wspierają,</em><br />
<em> w trudnych sytuacjach nam pomagają,</em><br />
<em> Mamy czasem dużo roboty,</em><br />
<em> lecz to nie zmniejsza naszej ochoty,</em><br />
<em> Drodzy goście, panowie, panie</em><br />
<em> na nasze aktorskie zapraszamy granie!</em><br />
<em><strong>autorka: Barbara Patalan</strong></em></p>
<p style="text-align: right;"><em>aleksandra szyc &#8211; kaczyńska</em></p>

<p>5 kwietnia br. podczas konferencji z okazji obchodów 150 lecia Kół Gospodyń Wiejskich w Łomży wystąpią Panie z Koła Gospodyń Wiejskich w Borkowie. To doskonała okazja, by przedstawić naszym Czytelnikom ten wspaniały zespół. Kobiet o &hellip; </p>
