{"id":2729,"date":"2018-11-13T08:14:28","date_gmt":"2018-11-13T07:14:28","guid":{"rendered":"http:\/\/ck.gminakolno.pl\/?page_id=2729"},"modified":"2019-09-11T23:03:33","modified_gmt":"2019-09-11T21:03:33","slug":"wincenta-historia-pogranicza","status":"publish","type":"page","link":"http:\/\/ck.gminakolno.pl\/?page_id=2729","title":{"rendered":"Wincenta &#8211; Historia Pogranicza"},"content":{"rendered":"<p><a href=\"http:\/\/ck.gminakolno.pl\/?attachment_id=2742\" rel=\"attachment wp-att-2742\"><img data-recalc-dims=\"1\" loading=\"lazy\" decoding=\"async\" data-attachment-id=\"2742\" data-permalink=\"http:\/\/ck.gminakolno.pl\/?attachment_id=2742\" data-orig-file=\"https:\/\/i0.wp.com\/ck.gminakolno.pl\/wp-content\/uploads\/2018\/11\/DSC_1125.jpg?fit=5520%2C4144\" data-orig-size=\"5520,4144\" data-comments-opened=\"0\" data-image-meta=\"{&quot;aperture&quot;:&quot;2&quot;,&quot;credit&quot;:&quot;&quot;,&quot;camera&quot;:&quot;G3121&quot;,&quot;caption&quot;:&quot;&quot;,&quot;created_timestamp&quot;:&quot;1538067929&quot;,&quot;copyright&quot;:&quot;&quot;,&quot;focal_length&quot;:&quot;4.22&quot;,&quot;iso&quot;:&quot;50&quot;,&quot;shutter_speed&quot;:&quot;0.004731&quot;,&quot;title&quot;:&quot;&quot;,&quot;orientation&quot;:&quot;1&quot;}\" data-image-title=\"DSC_1125\" data-image-description=\"\" data-image-caption=\"\" data-medium-file=\"https:\/\/i0.wp.com\/ck.gminakolno.pl\/wp-content\/uploads\/2018\/11\/DSC_1125.jpg?fit=300%2C225\" data-large-file=\"https:\/\/i0.wp.com\/ck.gminakolno.pl\/wp-content\/uploads\/2018\/11\/DSC_1125.jpg?fit=814%2C611\" src=\"https:\/\/i0.wp.com\/ck.gminakolno.pl\/wp-content\/uploads\/2018\/11\/DSC_1125.jpg?resize=300%2C225\" alt=\"\" class=\"wp-image-2742 size-medium alignleft\" width=\"300\" height=\"225\" srcset=\"https:\/\/i0.wp.com\/ck.gminakolno.pl\/wp-content\/uploads\/2018\/11\/DSC_1125.jpg?resize=300%2C225 300w, https:\/\/i0.wp.com\/ck.gminakolno.pl\/wp-content\/uploads\/2018\/11\/DSC_1125.jpg?resize=90%2C68 90w, https:\/\/i0.wp.com\/ck.gminakolno.pl\/wp-content\/uploads\/2018\/11\/DSC_1125.jpg?resize=768%2C577 768w, https:\/\/i0.wp.com\/ck.gminakolno.pl\/wp-content\/uploads\/2018\/11\/DSC_1125.jpg?resize=1024%2C769 1024w, https:\/\/i0.wp.com\/ck.gminakolno.pl\/wp-content\/uploads\/2018\/11\/DSC_1125.jpg?w=1628 1628w, https:\/\/i0.wp.com\/ck.gminakolno.pl\/wp-content\/uploads\/2018\/11\/DSC_1125.jpg?w=2442 2442w\" sizes=\"auto, (max-width: 300px) 100vw, 300px\" \/><\/a>W ramach obchod\u00f3w 100 lecia Odzyskania przez Polsk\u0119 Niepodleg\u0142o\u015bci &#8211; Centrum Kultury Gminy Kolno, w ramach programu Pomost dla Niepodleg\u0142ej &#8211; finansowanego przez Wojew\u00f3dzki O\u015brodek Kultury w Bia\u0142ymstoku oraz Urz\u0105d Marsza\u0142kowski Wojew\u00f3dztwa Podlaskiego, realizowa\u0142o zadnie &#8222;Wincenta &#8211; Historia Pogranicza. Zadanie mia\u0142o na celu przypomnienie mieszka\u0144com historii miejscowo\u015bci Wincenta, kt\u00f3ra przez ponad 600 lat by\u0142a miejscowo\u015bci\u0105 graniczn\u0105 naszej Ojczyzny. W tym celu zosta\u0142y przeprowadzone dla m\u0142odzie\u017cy i wszystkich ch\u0119tnych: wyk\u0142ad o historii pogranicza, warsztaty dziennikarskie oraz graficzne &#8211; zrealizowano 4 audycje radiowe, przygotowano specjaln\u0105 tablic\u0119 informuj\u0105c\u0105 o historii miejscowo\u015bci oraz wydrukowano i rozkolportowano broszury z histori\u0105 pogranicza.<\/p>\n<div data-carousel-extra='{\"blog_id\":1,\"permalink\":\"http:\\\/\\\/ck.gminakolno.pl\\\/?page_id=2729\"}' id='gallery-1' class='gallery galleryid-2729 gallery-columns-3 gallery-size-thumbnail'><figure class='gallery-item'>\n\t\t\t<div class='gallery-icon landscape'>\n\t\t\t\t<a href='http:\/\/ck.gminakolno.pl\/?attachment_id=2735'><img loading=\"lazy\" decoding=\"async\" width=\"90\" height=\"68\" src=\"https:\/\/i0.wp.com\/ck.gminakolno.pl\/wp-content\/uploads\/2018\/11\/17218518_883852691756261_1315297854186387076_o1.jpg?resize=90%2C68\" class=\"attachment-thumbnail size-thumbnail\" alt=\"\" srcset=\"https:\/\/i0.wp.com\/ck.gminakolno.pl\/wp-content\/uploads\/2018\/11\/17218518_883852691756261_1315297854186387076_o1.jpg?w=1208 1208w, https:\/\/i0.wp.com\/ck.gminakolno.pl\/wp-content\/uploads\/2018\/11\/17218518_883852691756261_1315297854186387076_o1.jpg?resize=90%2C68 90w, https:\/\/i0.wp.com\/ck.gminakolno.pl\/wp-content\/uploads\/2018\/11\/17218518_883852691756261_1315297854186387076_o1.jpg?resize=300%2C225 300w, https:\/\/i0.wp.com\/ck.gminakolno.pl\/wp-content\/uploads\/2018\/11\/17218518_883852691756261_1315297854186387076_o1.jpg?resize=768%2C576 768w, https:\/\/i0.wp.com\/ck.gminakolno.pl\/wp-content\/uploads\/2018\/11\/17218518_883852691756261_1315297854186387076_o1.jpg?resize=1024%2C768 1024w\" sizes=\"auto, (max-width: 90px) 100vw, 90px\" data-attachment-id=\"2735\" data-permalink=\"http:\/\/ck.gminakolno.pl\/?attachment_id=2735\" data-orig-file=\"https:\/\/i0.wp.com\/ck.gminakolno.pl\/wp-content\/uploads\/2018\/11\/17218518_883852691756261_1315297854186387076_o1.jpg?fit=1208%2C906\" data-orig-size=\"1208,906\" data-comments-opened=\"0\" data-image-meta=\"{&quot;aperture&quot;:&quot;0&quot;,&quot;credit&quot;:&quot;&quot;,&quot;camera&quot;:&quot;&quot;,&quot;caption&quot;:&quot;&quot;,&quot;created_timestamp&quot;:&quot;0&quot;,&quot;copyright&quot;:&quot;&quot;,&quot;focal_length&quot;:&quot;0&quot;,&quot;iso&quot;:&quot;0&quot;,&quot;shutter_speed&quot;:&quot;0&quot;,&quot;title&quot;:&quot;&quot;,&quot;orientation&quot;:&quot;0&quot;}\" data-image-title=\"17218518_883852691756261_1315297854186387076_o(1)\" data-image-description=\"\" data-image-caption=\"\" data-medium-file=\"https:\/\/i0.wp.com\/ck.gminakolno.pl\/wp-content\/uploads\/2018\/11\/17218518_883852691756261_1315297854186387076_o1.jpg?fit=300%2C225\" data-large-file=\"https:\/\/i0.wp.com\/ck.gminakolno.pl\/wp-content\/uploads\/2018\/11\/17218518_883852691756261_1315297854186387076_o1.jpg?fit=814%2C611\" \/><\/a>\n\t\t\t<\/div><\/figure><figure class='gallery-item'>\n\t\t\t<div class='gallery-icon landscape'>\n\t\t\t\t<a href='http:\/\/ck.gminakolno.pl\/?attachment_id=2736'><img loading=\"lazy\" decoding=\"async\" width=\"90\" height=\"68\" src=\"https:\/\/i0.wp.com\/ck.gminakolno.pl\/wp-content\/uploads\/2018\/11\/35285433_1806883182688638_3206186832991617024_o.jpg?resize=90%2C68\" class=\"attachment-thumbnail size-thumbnail\" alt=\"\" srcset=\"https:\/\/i0.wp.com\/ck.gminakolno.pl\/wp-content\/uploads\/2018\/11\/35285433_1806883182688638_3206186832991617024_o.jpg?resize=90%2C68 90w, https:\/\/i0.wp.com\/ck.gminakolno.pl\/wp-content\/uploads\/2018\/11\/35285433_1806883182688638_3206186832991617024_o.jpg?zoom=2&amp;resize=90%2C68 180w, https:\/\/i0.wp.com\/ck.gminakolno.pl\/wp-content\/uploads\/2018\/11\/35285433_1806883182688638_3206186832991617024_o.jpg?zoom=3&amp;resize=90%2C68 270w\" sizes=\"auto, (max-width: 90px) 100vw, 90px\" data-attachment-id=\"2736\" data-permalink=\"http:\/\/ck.gminakolno.pl\/?attachment_id=2736\" data-orig-file=\"https:\/\/i0.wp.com\/ck.gminakolno.pl\/wp-content\/uploads\/2018\/11\/35285433_1806883182688638_3206186832991617024_o.jpg?fit=2048%2C1155\" data-orig-size=\"2048,1155\" data-comments-opened=\"0\" data-image-meta=\"{&quot;aperture&quot;:&quot;0&quot;,&quot;credit&quot;:&quot;&quot;,&quot;camera&quot;:&quot;&quot;,&quot;caption&quot;:&quot;&quot;,&quot;created_timestamp&quot;:&quot;0&quot;,&quot;copyright&quot;:&quot;&quot;,&quot;focal_length&quot;:&quot;0&quot;,&quot;iso&quot;:&quot;0&quot;,&quot;shutter_speed&quot;:&quot;0&quot;,&quot;title&quot;:&quot;&quot;,&quot;orientation&quot;:&quot;0&quot;}\" data-image-title=\"35285433_1806883182688638_3206186832991617024_o\" data-image-description=\"\" data-image-caption=\"\" data-medium-file=\"https:\/\/i0.wp.com\/ck.gminakolno.pl\/wp-content\/uploads\/2018\/11\/35285433_1806883182688638_3206186832991617024_o.jpg?fit=300%2C169\" data-large-file=\"https:\/\/i0.wp.com\/ck.gminakolno.pl\/wp-content\/uploads\/2018\/11\/35285433_1806883182688638_3206186832991617024_o.jpg?fit=814%2C459\" \/><\/a>\n\t\t\t<\/div><\/figure><figure class='gallery-item'>\n\t\t\t<div class='gallery-icon landscape'>\n\t\t\t\t<a href='http:\/\/ck.gminakolno.pl\/?attachment_id=2737'><img loading=\"lazy\" decoding=\"async\" width=\"90\" height=\"68\" src=\"https:\/\/i0.wp.com\/ck.gminakolno.pl\/wp-content\/uploads\/2018\/11\/35295893_1806882289355394_6532762733161480192_o.jpg?resize=90%2C68\" class=\"attachment-thumbnail size-thumbnail\" alt=\"\" srcset=\"https:\/\/i0.wp.com\/ck.gminakolno.pl\/wp-content\/uploads\/2018\/11\/35295893_1806882289355394_6532762733161480192_o.jpg?resize=90%2C68 90w, https:\/\/i0.wp.com\/ck.gminakolno.pl\/wp-content\/uploads\/2018\/11\/35295893_1806882289355394_6532762733161480192_o.jpg?zoom=2&amp;resize=90%2C68 180w, https:\/\/i0.wp.com\/ck.gminakolno.pl\/wp-content\/uploads\/2018\/11\/35295893_1806882289355394_6532762733161480192_o.jpg?zoom=3&amp;resize=90%2C68 270w\" sizes=\"auto, (max-width: 90px) 100vw, 90px\" data-attachment-id=\"2737\" data-permalink=\"http:\/\/ck.gminakolno.pl\/?attachment_id=2737\" data-orig-file=\"https:\/\/i0.wp.com\/ck.gminakolno.pl\/wp-content\/uploads\/2018\/11\/35295893_1806882289355394_6532762733161480192_o.jpg?fit=2048%2C1155\" data-orig-size=\"2048,1155\" data-comments-opened=\"0\" data-image-meta=\"{&quot;aperture&quot;:&quot;0&quot;,&quot;credit&quot;:&quot;&quot;,&quot;camera&quot;:&quot;&quot;,&quot;caption&quot;:&quot;&quot;,&quot;created_timestamp&quot;:&quot;0&quot;,&quot;copyright&quot;:&quot;&quot;,&quot;focal_length&quot;:&quot;0&quot;,&quot;iso&quot;:&quot;0&quot;,&quot;shutter_speed&quot;:&quot;0&quot;,&quot;title&quot;:&quot;&quot;,&quot;orientation&quot;:&quot;0&quot;}\" data-image-title=\"35295893_1806882289355394_6532762733161480192_o\" data-image-description=\"\" data-image-caption=\"\" data-medium-file=\"https:\/\/i0.wp.com\/ck.gminakolno.pl\/wp-content\/uploads\/2018\/11\/35295893_1806882289355394_6532762733161480192_o.jpg?fit=300%2C169\" data-large-file=\"https:\/\/i0.wp.com\/ck.gminakolno.pl\/wp-content\/uploads\/2018\/11\/35295893_1806882289355394_6532762733161480192_o.jpg?fit=814%2C459\" \/><\/a>\n\t\t\t<\/div><\/figure><figure class='gallery-item'>\n\t\t\t<div class='gallery-icon landscape'>\n\t\t\t\t<a href='http:\/\/ck.gminakolno.pl\/?attachment_id=2738'><img loading=\"lazy\" decoding=\"async\" width=\"90\" height=\"68\" src=\"https:\/\/i0.wp.com\/ck.gminakolno.pl\/wp-content\/uploads\/2018\/11\/35435943_1806882156022074_5625470640141107200_o.jpg?resize=90%2C68\" class=\"attachment-thumbnail size-thumbnail\" alt=\"\" srcset=\"https:\/\/i0.wp.com\/ck.gminakolno.pl\/wp-content\/uploads\/2018\/11\/35435943_1806882156022074_5625470640141107200_o.jpg?resize=90%2C68 90w, https:\/\/i0.wp.com\/ck.gminakolno.pl\/wp-content\/uploads\/2018\/11\/35435943_1806882156022074_5625470640141107200_o.jpg?zoom=2&amp;resize=90%2C68 180w, https:\/\/i0.wp.com\/ck.gminakolno.pl\/wp-content\/uploads\/2018\/11\/35435943_1806882156022074_5625470640141107200_o.jpg?zoom=3&amp;resize=90%2C68 270w\" sizes=\"auto, (max-width: 90px) 100vw, 90px\" data-attachment-id=\"2738\" data-permalink=\"http:\/\/ck.gminakolno.pl\/?attachment_id=2738\" data-orig-file=\"https:\/\/i0.wp.com\/ck.gminakolno.pl\/wp-content\/uploads\/2018\/11\/35435943_1806882156022074_5625470640141107200_o.jpg?fit=2048%2C1155\" data-orig-size=\"2048,1155\" data-comments-opened=\"0\" data-image-meta=\"{&quot;aperture&quot;:&quot;0&quot;,&quot;credit&quot;:&quot;&quot;,&quot;camera&quot;:&quot;&quot;,&quot;caption&quot;:&quot;&quot;,&quot;created_timestamp&quot;:&quot;0&quot;,&quot;copyright&quot;:&quot;&quot;,&quot;focal_length&quot;:&quot;0&quot;,&quot;iso&quot;:&quot;0&quot;,&quot;shutter_speed&quot;:&quot;0&quot;,&quot;title&quot;:&quot;&quot;,&quot;orientation&quot;:&quot;0&quot;}\" data-image-title=\"35435943_1806882156022074_5625470640141107200_o\" data-image-description=\"\" data-image-caption=\"\" data-medium-file=\"https:\/\/i0.wp.com\/ck.gminakolno.pl\/wp-content\/uploads\/2018\/11\/35435943_1806882156022074_5625470640141107200_o.jpg?fit=300%2C169\" data-large-file=\"https:\/\/i0.wp.com\/ck.gminakolno.pl\/wp-content\/uploads\/2018\/11\/35435943_1806882156022074_5625470640141107200_o.jpg?fit=814%2C459\" \/><\/a>\n\t\t\t<\/div><\/figure><figure class='gallery-item'>\n\t\t\t<div class='gallery-icon landscape'>\n\t\t\t\t<a href='http:\/\/ck.gminakolno.pl\/?attachment_id=2739'><img loading=\"lazy\" decoding=\"async\" width=\"90\" height=\"68\" src=\"https:\/\/i0.wp.com\/ck.gminakolno.pl\/wp-content\/uploads\/2018\/11\/35810630_1816166141760342_5959024178374901760_n.jpg?resize=90%2C68\" class=\"attachment-thumbnail size-thumbnail\" alt=\"\" srcset=\"https:\/\/i0.wp.com\/ck.gminakolno.pl\/wp-content\/uploads\/2018\/11\/35810630_1816166141760342_5959024178374901760_n.jpg?resize=90%2C68 90w, https:\/\/i0.wp.com\/ck.gminakolno.pl\/wp-content\/uploads\/2018\/11\/35810630_1816166141760342_5959024178374901760_n.jpg?zoom=2&amp;resize=90%2C68 180w, https:\/\/i0.wp.com\/ck.gminakolno.pl\/wp-content\/uploads\/2018\/11\/35810630_1816166141760342_5959024178374901760_n.jpg?zoom=3&amp;resize=90%2C68 270w\" sizes=\"auto, (max-width: 90px) 100vw, 90px\" data-attachment-id=\"2739\" data-permalink=\"http:\/\/ck.gminakolno.pl\/?attachment_id=2739\" data-orig-file=\"https:\/\/i0.wp.com\/ck.gminakolno.pl\/wp-content\/uploads\/2018\/11\/35810630_1816166141760342_5959024178374901760_n.jpg?fit=960%2C640\" data-orig-size=\"960,640\" data-comments-opened=\"0\" data-image-meta=\"{&quot;aperture&quot;:&quot;0&quot;,&quot;credit&quot;:&quot;&quot;,&quot;camera&quot;:&quot;&quot;,&quot;caption&quot;:&quot;&quot;,&quot;created_timestamp&quot;:&quot;0&quot;,&quot;copyright&quot;:&quot;&quot;,&quot;focal_length&quot;:&quot;0&quot;,&quot;iso&quot;:&quot;0&quot;,&quot;shutter_speed&quot;:&quot;0&quot;,&quot;title&quot;:&quot;&quot;,&quot;orientation&quot;:&quot;0&quot;}\" data-image-title=\"35810630_1816166141760342_5959024178374901760_n\" data-image-description=\"\" data-image-caption=\"\" data-medium-file=\"https:\/\/i0.wp.com\/ck.gminakolno.pl\/wp-content\/uploads\/2018\/11\/35810630_1816166141760342_5959024178374901760_n.jpg?fit=300%2C200\" data-large-file=\"https:\/\/i0.wp.com\/ck.gminakolno.pl\/wp-content\/uploads\/2018\/11\/35810630_1816166141760342_5959024178374901760_n.jpg?fit=814%2C543\" \/><\/a>\n\t\t\t<\/div><\/figure><figure class='gallery-item'>\n\t\t\t<div class='gallery-icon landscape'>\n\t\t\t\t<a href='http:\/\/ck.gminakolno.pl\/?attachment_id=2740'><img loading=\"lazy\" decoding=\"async\" width=\"90\" height=\"68\" src=\"https:\/\/i0.wp.com\/ck.gminakolno.pl\/wp-content\/uploads\/2018\/11\/36003261_1816166408426982_2816240820837941248_n.jpg?resize=90%2C68\" class=\"attachment-thumbnail size-thumbnail\" alt=\"\" srcset=\"https:\/\/i0.wp.com\/ck.gminakolno.pl\/wp-content\/uploads\/2018\/11\/36003261_1816166408426982_2816240820837941248_n.jpg?resize=90%2C68 90w, https:\/\/i0.wp.com\/ck.gminakolno.pl\/wp-content\/uploads\/2018\/11\/36003261_1816166408426982_2816240820837941248_n.jpg?zoom=2&amp;resize=90%2C68 180w, https:\/\/i0.wp.com\/ck.gminakolno.pl\/wp-content\/uploads\/2018\/11\/36003261_1816166408426982_2816240820837941248_n.jpg?zoom=3&amp;resize=90%2C68 270w\" sizes=\"auto, (max-width: 90px) 100vw, 90px\" data-attachment-id=\"2740\" data-permalink=\"http:\/\/ck.gminakolno.pl\/?attachment_id=2740\" data-orig-file=\"https:\/\/i0.wp.com\/ck.gminakolno.pl\/wp-content\/uploads\/2018\/11\/36003261_1816166408426982_2816240820837941248_n.jpg?fit=960%2C640\" data-orig-size=\"960,640\" data-comments-opened=\"0\" data-image-meta=\"{&quot;aperture&quot;:&quot;0&quot;,&quot;credit&quot;:&quot;&quot;,&quot;camera&quot;:&quot;&quot;,&quot;caption&quot;:&quot;&quot;,&quot;created_timestamp&quot;:&quot;0&quot;,&quot;copyright&quot;:&quot;&quot;,&quot;focal_length&quot;:&quot;0&quot;,&quot;iso&quot;:&quot;0&quot;,&quot;shutter_speed&quot;:&quot;0&quot;,&quot;title&quot;:&quot;&quot;,&quot;orientation&quot;:&quot;0&quot;}\" data-image-title=\"36003261_1816166408426982_2816240820837941248_n\" data-image-description=\"\" data-image-caption=\"\" data-medium-file=\"https:\/\/i0.wp.com\/ck.gminakolno.pl\/wp-content\/uploads\/2018\/11\/36003261_1816166408426982_2816240820837941248_n.jpg?fit=300%2C200\" data-large-file=\"https:\/\/i0.wp.com\/ck.gminakolno.pl\/wp-content\/uploads\/2018\/11\/36003261_1816166408426982_2816240820837941248_n.jpg?fit=814%2C543\" \/><\/a>\n\t\t\t<\/div><\/figure>\n\t\t<\/div>\n\n<p><a href=\"http:\/\/ck.gminakolno.pl\/?attachment_id=2733\" rel=\"attachment wp-att-2733\"><img data-recalc-dims=\"1\" loading=\"lazy\" decoding=\"async\" data-attachment-id=\"2733\" data-permalink=\"http:\/\/ck.gminakolno.pl\/?attachment_id=2733\" data-orig-file=\"https:\/\/i0.wp.com\/ck.gminakolno.pl\/wp-content\/uploads\/2018\/11\/belka1.jpg?fit=2481%2C355\" data-orig-size=\"2481,355\" data-comments-opened=\"0\" data-image-meta=\"{&quot;aperture&quot;:&quot;0&quot;,&quot;credit&quot;:&quot;Goska&quot;,&quot;camera&quot;:&quot;&quot;,&quot;caption&quot;:&quot;&quot;,&quot;created_timestamp&quot;:&quot;1526993907&quot;,&quot;copyright&quot;:&quot;&quot;,&quot;focal_length&quot;:&quot;0&quot;,&quot;iso&quot;:&quot;0&quot;,&quot;shutter_speed&quot;:&quot;0&quot;,&quot;title&quot;:&quot;&quot;,&quot;orientation&quot;:&quot;0&quot;}\" data-image-title=\"belka1\" data-image-description=\"\" data-image-caption=\"\" data-medium-file=\"https:\/\/i0.wp.com\/ck.gminakolno.pl\/wp-content\/uploads\/2018\/11\/belka1.jpg?fit=300%2C43\" data-large-file=\"https:\/\/i0.wp.com\/ck.gminakolno.pl\/wp-content\/uploads\/2018\/11\/belka1.jpg?fit=814%2C117\" src=\"https:\/\/i0.wp.com\/ck.gminakolno.pl\/wp-content\/uploads\/2018\/11\/belka1.jpg?resize=384%2C55\" alt=\"\" class=\"aligncenter wp-image-2733\" width=\"384\" height=\"55\" srcset=\"https:\/\/i0.wp.com\/ck.gminakolno.pl\/wp-content\/uploads\/2018\/11\/belka1.jpg?resize=300%2C43 300w, https:\/\/i0.wp.com\/ck.gminakolno.pl\/wp-content\/uploads\/2018\/11\/belka1.jpg?resize=768%2C110 768w, https:\/\/i0.wp.com\/ck.gminakolno.pl\/wp-content\/uploads\/2018\/11\/belka1.jpg?resize=1024%2C147 1024w, https:\/\/i0.wp.com\/ck.gminakolno.pl\/wp-content\/uploads\/2018\/11\/belka1.jpg?w=1628 1628w, https:\/\/i0.wp.com\/ck.gminakolno.pl\/wp-content\/uploads\/2018\/11\/belka1.jpg?w=2442 2442w\" sizes=\"auto, (max-width: 384px) 100vw, 384px\" \/>Wi\u0119cej informacji znajdziesz poni\u017cej<\/a><\/p>\n<p><a href=\"http:\/\/wzasiegu.pl\/radiowe\/reportaz-w-radiu-nadzieja-wincenta-historia-pogranicza-audio-foto\/\">http:\/\/wzasiegu.pl\/radiowe\/reportaz-w-radiu-nadzieja-wincenta-historia-pogranicza-audio-foto\/<\/a><\/p>\n","protected":false},"excerpt":{"rendered":"<p>W ramach obchod\u00f3w 100 lecia Odzyskania przez Polsk\u0119 Niepodleg\u0142o\u015bci &#8211; Centrum Kultury Gminy Kolno, w ramach programu Pomost dla Niepodleg\u0142ej &#8211; finansowanego przez Wojew\u00f3dzki O\u015brodek Kultury w Bia\u0142ymstoku oraz Urz\u0105d Marsza\u0142kowski Wojew\u00f3dztwa Podlaskiego, realizowa\u0142o zadnie &hellip; <\/p>\n","protected":false},"author":1,"featured_media":2742,"parent":2040,"menu_order":0,"comment_status":"closed","ping_status":"closed","template":"","meta":{"jetpack_post_was_ever_published":false,"footnotes":""},"class_list":["post-2729","page","type-page","status-publish","has-post-thumbnail","hentry"],"jetpack_sharing_enabled":true,"jetpack_shortlink":"https:\/\/wp.me\/P3l35P-I1","jetpack-related-posts":[],"_links":{"self":[{"href":"http:\/\/ck.gminakolno.pl\/index.php?rest_route=\/wp\/v2\/pages\/2729","targetHints":{"allow":["GET"]}}],"collection":[{"href":"http:\/\/ck.gminakolno.pl\/index.php?rest_route=\/wp\/v2\/pages"}],"about":[{"href":"http:\/\/ck.gminakolno.pl\/index.php?rest_route=\/wp\/v2\/types\/page"}],"author":[{"embeddable":true,"href":"http:\/\/ck.gminakolno.pl\/index.php?rest_route=\/wp\/v2\/users\/1"}],"replies":[{"embeddable":true,"href":"http:\/\/ck.gminakolno.pl\/index.php?rest_route=%2Fwp%2Fv2%2Fcomments&post=2729"}],"version-history":[{"count":5,"href":"http:\/\/ck.gminakolno.pl\/index.php?rest_route=\/wp\/v2\/pages\/2729\/revisions"}],"predecessor-version":[{"id":2744,"href":"http:\/\/ck.gminakolno.pl\/index.php?rest_route=\/wp\/v2\/pages\/2729\/revisions\/2744"}],"up":[{"embeddable":true,"href":"http:\/\/ck.gminakolno.pl\/index.php?rest_route=\/wp\/v2\/pages\/2040"}],"wp:featuredmedia":[{"embeddable":true,"href":"http:\/\/ck.gminakolno.pl\/index.php?rest_route=\/wp\/v2\/media\/2742"}],"wp:attachment":[{"href":"http:\/\/ck.gminakolno.pl\/index.php?rest_route=%2Fwp%2Fv2%2Fmedia&parent=2729"}],"curies":[{"name":"wp","href":"https:\/\/api.w.org\/{rel}","templated":true}]}}