{"id":493,"date":"2014-02-27T10:04:30","date_gmt":"2014-02-27T09:04:30","guid":{"rendered":"http:\/\/ck.gminakolno.pl\/?page_id=493"},"modified":"2018-04-25T09:03:16","modified_gmt":"2018-04-25T07:03:16","slug":"kontakt","status":"publish","type":"page","link":"http:\/\/ck.gminakolno.pl\/?page_id=493","title":{"rendered":"Kontakt"},"content":{"rendered":"<div class=\"row\">\n<div class=\"col-md-8 col-md-offset-2\" style=\"text-align: center\">\n<h2 class=\"title\">O nas <\/h2>\n<h5 class=\"description\">Misja Centrum Kultury Gminy Kolno w Ko\u017ale <\/h5>\n<\/div>\n<\/div>\n<div class=\"row\">\n<div class=\"col-md-6\">\n<p>Centrum prowadzi dzia\u0142alno\u015b\u0107 w   formie \u015bwietlic w   miejscowo\u015bciach: Czerwone, Zabiele, Lachowo, Borkowo i   Brzozowo pod nazwami: &#8222;\u015awietlica w   Czerwonem&#8221;, &#8222;\u015awietlica w   Zabielu&#8221;, &#8222;\u015awietlica w   Lachowie&#8221;, &#8221; \u015awietlica w   Borkowie&#8221; i   &#8221; \u015awietlica w   Brzozowie&#8221;. <\/p>\n<\/div>\n<\/div>\n","protected":false},"excerpt":{"rendered":"<p>O nas Misja Centrum Kultury Gminy Kolno w Ko\u017ale Centrum prowadzi dzia\u0142alno\u015b\u0107 w formie \u015bwietlic w miejscowo\u015bciach: Czerwone, Zabiele, Lachowo, Borkowo i Brzozowo pod nazwami: &#8222;\u015awietlica w Czerwonem&#8221;, &#8222;\u015awietlica w Zabielu&#8221;, &#8222;\u015awietlica w Lachowie&#8221;, &#8221; &hellip; <\/p>\n","protected":false},"author":1,"featured_media":0,"parent":0,"menu_order":4,"comment_status":"closed","ping_status":"closed","template":"","meta":{"jetpack_post_was_ever_published":false,"footnotes":""},"class_list":["post-493","page","type-page","status-publish","hentry"],"jetpack_sharing_enabled":true,"jetpack_shortlink":"https:\/\/wp.me\/P3l35P-7X","jetpack-related-posts":[],"_links":{"self":[{"href":"http:\/\/ck.gminakolno.pl\/index.php?rest_route=\/wp\/v2\/pages\/493","targetHints":{"allow":["GET"]}}],"collection":[{"href":"http:\/\/ck.gminakolno.pl\/index.php?rest_route=\/wp\/v2\/pages"}],"about":[{"href":"http:\/\/ck.gminakolno.pl\/index.php?rest_route=\/wp\/v2\/types\/page"}],"author":[{"embeddable":true,"href":"http:\/\/ck.gminakolno.pl\/index.php?rest_route=\/wp\/v2\/users\/1"}],"replies":[{"embeddable":true,"href":"http:\/\/ck.gminakolno.pl\/index.php?rest_route=%2Fwp%2Fv2%2Fcomments&post=493"}],"version-history":[{"count":14,"href":"http:\/\/ck.gminakolno.pl\/index.php?rest_route=\/wp\/v2\/pages\/493\/revisions"}],"predecessor-version":[{"id":2586,"href":"http:\/\/ck.gminakolno.pl\/index.php?rest_route=\/wp\/v2\/pages\/493\/revisions\/2586"}],"wp:attachment":[{"href":"http:\/\/ck.gminakolno.pl\/index.php?rest_route=%2Fwp%2Fv2%2Fmedia&parent=493"}],"curies":[{"name":"wp","href":"https:\/\/api.w.org\/{rel}","templated":true}]}}

<div class="row">
<div class="col-md-8 col-md-offset-2" style="text-align: center">
<h2 class="title">O nas </h2>
<h5 class="description">Misja Centrum Kultury Gminy Kolno w Koźle </h5>
</div>
</div>
<div class="row">
<div class="col-md-6">
<p>Centrum prowadzi działalność w   formie świetlic w   miejscowościach: Czerwone, Zabiele, Lachowo, Borkowo i   Brzozowo pod nazwami: &#8222;Świetlica w   Czerwonem&#8221;, &#8222;Świetlica w   Zabielu&#8221;, &#8222;Świetlica w   Lachowie&#8221;, &#8221; Świetlica w   Borkowie&#8221; i   &#8221; Świetlica w   Brzozowie&#8221;. </p>
</div>
</div>

<p>O nas Misja Centrum Kultury Gminy Kolno w Koźle Centrum prowadzi działalność w formie świetlic w miejscowościach: Czerwone, Zabiele, Lachowo, Borkowo i Brzozowo pod nazwami: &#8222;Świetlica w Czerwonem&#8221;, &#8222;Świetlica w Zabielu&#8221;, &#8222;Świetlica w Lachowie&#8221;, &#8221; &hellip; </p>
